?
True
Is 149 a factor of 1272815?
False
Does 44 divide 1078924?
True
Does 29 divide 1486057?
False
Is 380 a factor of 10458360?
True
Does 445 divide 138804?
False
Is 426978 a multiple of 54?
True
Is 613784 a multiple of 21?
False
Is 240 a factor of 777120?
True
Is 35118 a multiple of 12?
False
Is 49 a factor of 6819549?
False
Does 13 divide 55234?
False
Does 870 divide 1980990?
True
Is 36176 a multiple of 133?
True
Is 38 a factor of 3399898?
True
Does 41 divide 252642?
True
Does 5 divide 266540?
True
Does 73 divide 30441?
True
Does 52 divide 3262430?
False
Is 1976 a factor of 8309080?
True
Is 8 a factor of 9549?
False
Is 106 a factor of 350330?
True
Is 75 a factor of 112350?
True
Is 14 a factor of 61169?
False
Does 60 divide 1183101?
False
Is 1887 a multiple of 111?
True
Is 6 a factor of 1061762?
False
Does 1006 divide 16608004?
False
Does 235 divide 7795804?
False
Is 74590 a multiple of 127?
False
Is 25 a factor of 14931?
False
Is 1392894 a multiple of 9?
True
Is 1438834 a multiple of 31?
True
Does 10 divide 740510?
True
Is 265512 a multiple of 39?
True
Does 721 divide 907739?
True
Does 45 divide 210510?
True
Is 19734 a multiple of 46?
True
Does 25 divide 210539?
False
Is 21 a factor of 6107073?
True
Is 396470 a multiple of 6?
False
Is 1456411 a multiple of 11?
True
Is 435 a multiple of 29?
True
Is 711 a factor of 560979?
True
Is 567023 a multiple of 34?
False
Is 6 a factor of 2288304?
True
Is 10 a factor of 418930?
True
Is 2 a factor of 3232?
True
Does 3 divide 10006?
False
Is 1585696 a multiple of 28?
True
Is 487740 a multiple of 310?
False
Is 20 a factor of 653535?
False
Does 23 divide 56990?
False
Does 15 divide 6386154?
False
Is 1881281 a multiple of 29?
False
Is 163311 a multiple of 24?
False
Does 23 divide 324754?
False
Is 26108 a multiple of 8?
False
Is 11 a factor of 2860?
True
Is 5710440 a multiple of 23?
True
Is 158112 a multiple of 72?
True
Is 5 a factor of 5314788?
False
Is 56924 a multiple of 14?
True
Is 13413260 a multiple of 49?
True
Is 621 a factor of 1231264?
False
Is 133 a factor of 1381598?
False
Is 32164 a multiple of 22?
True
Is 31310 a multiple of 5?
True
Does 273 divide 245154?
True
Does 56 divide 436210?
False
Is 213 a factor of 169548?
True
Is 15963 a multiple of 17?
True
Is 281619 a multiple of 249?
True
Does 4 divide 775560?
True
Is 187066 a multiple of 121?
True
Does 242 divide 938960?
True
Is 34 a factor of 241440?
False
Is 293 a factor of 723194?
False
Is 16963740 a multiple of 60?
True
Is 116 a factor of 239247?
False
Is 49764 a multiple of 156?
True
Does 214 divide 7651718?
False
Is 4268 a multiple of 11?
True
Is 54 a factor of 2458242?
True
Is 2149065 a multiple of 109?
False
Is 1074734 a multiple of 53?
True
Is 918450 a multiple of 60?
False
Is 1559082 a multiple of 21?
True
Is 1573002 a multiple of 13?
False
Is 62231 a multiple of 302?
False
Is 137 a factor of 197691?
True
Does 83 divide 55975?
False
Is 6010398 a multiple of 9?
True
Is 52854 a multiple of 69?
True
Does 103 divide 2415041?
True
Does 178 divide 85974?
True
Does 5 divide 28935?
True
Does 2 divide 185573?
False
Is 11376872 a multiple of 556?
True
Is 18 a factor of 312444?
True
Is 26 a factor of 66410?
False
Does 33 divide 4736023?
False
Does 17 divide 5956136?
False
Is 4852092 a multiple of 218?
False
Does 6 divide 24906?
True
Does 9 divide 151458?
False
Is 26 a factor of 3807882?
True
Is 145 a factor of 1172615?
True
Is 25 a factor of 7241223?
False
Does 113 divide 45539?
True
Does 204 divide 930036?
True
Does 321 divide 1305490?
False
Is 9401871 a multiple of 17?
False
Is 480 a factor of 1827360?
True
Is 1802972 a multiple of 87?
False
Is 287 a factor of 27793?
False
Is 53 a factor of 569220?
True
Is 344 a factor of 1226016?
True
Does 400 divide 854800?
True
Does 13 divide 4594?
False
Is 101432 a multiple of 248?
True
Is 83 a factor of 852991?
True
Is 16 a factor of 2257882?
False
Is 966 a factor of 880992?
True
Is 740749 a multiple of 27?
False
Does 31 divide 704661?
True
Is 3521346 a multiple of 57?
True
Is 549 a multiple of 45?
False
Does 51 divide 138210?
True
Is 187306 a multiple of 25?
False
Is 272 a factor of 1631916?
False
Does 16 divide 154229?
False
Is 221328 a multiple of 318?
True
Does 29 divide 102863?
True
Is 46 a factor of 62595?
False
Is 8 a factor of 48136?
True
Is 452 a factor of 2132431?
False
Does 992 divide 843429?
False
Does 113 divide 196168?
True
Does 206 divide 18556?
False
Does 465 divide 10130955?
True
Is 10 a factor of 9019300?
True
Is 30 a factor of 684290?
False
Is 36 a factor of 2739?
False
Is 64 a factor of 597568?
True
Is 250 a factor of 994750?
True
Is 415 a factor of 2821796?
False
Is 106 a factor of 1731362?
False
Does 89 divide 23505?
False
Is 4772610 a multiple of 18?
True
Is 14 a factor of 261993?
False
Does 447 divide 618593?
False
Is 8 a factor of 2888830?
False
Is 779 a factor of 379852?
False
Is 170 a factor of 4432240?
True
Is 163 a factor of 48978?
False
Is 321442 a multiple of 607?
False
Is 498 a factor of 8117926?
False
Does 32 divide 73504?
True
Is 253727 even?
False
Is 22 a factor of 6242427?
False
Does 4 divide 12080?
True
Is 204877 a multiple of 41?
True
Does 17 divide 1604341?
True
Does 142 divide 13774?
True
Is 20 a factor of 286237?
False
Is 112 a factor of 357100?
False
Does 362 divide 13202457?
False
Is 89 a factor of 7330045?
False
Is 18937 a multiple of 105?
False
Does 300 divide 230516?
False
Is 36 a factor of 916590?
False
Is 10123 a multiple of 5?
False
Does 2 divide 3133172?
True
Does 8 divide 6448?
True
Does 372 divide 543864?
True
Is 366832 a multiple of 908?
True
Is 763 a factor of 19161425?
False
Is 74 a factor of 148000?
True
Is 7078512 a multiple of 12?
True
Does 73 divide 711910?
False
Is 65 a factor of 1292460?
True
Is 6 a factor of 4486188?
True
Does 10 divide 7230?
True
Does 32 divide 323456?
True
Is 227380 a multiple of 5?
True
Is 464381 a multiple of 231?
False
Is 16255512 a multiple of 104?
True
Is 14 a factor of 26421458?
True
Is 507 a factor of 2026986?
True
Is 709 a factor of 722471?
True
Is 495709 a multiple of 453?
False
Is 730699 a multiple of 34?
False
Does 3 divide 97677?
True
Is 18072267 a multiple of 417?
False
Does 117 divide 17107857?
True
Does 23 divide 7258?
False
Is 756106 a multiple of 30?
False
Is 617650 a multiple of 275?
True
Does 8 divide 49848?
True
Is 169 a factor of 5267143?
False
Is 899264 a multiple of 502?
False
Does 136 divide 2615280?
True
Does 30 divide 508050?
True
Is 14 a factor of 4445972?
False
Is 7721089 a multiple of 1719?
False
Does 698 divide 331814?
False
Is 25 a factor of 5462392?
False
Does 7 divide 60396?
True
Does 218 divide 96792?
True
Is 4215180 a multiple of 431?
True
Does 7 divide 3701131?
True
Is 17 a factor of 17953905?
False
Is 4201716 a multiple of 16?
False
Does 17 divide 12546?
True
Is 108784 a multiple of 26?
True
Is 5023474 a multiple of 181?
True
Does 269 divide 3585877?
False
Is 7 a factor of 16608?
False
Is 1836280 a multiple of 43?
False
Is 11 a factor of 60177?
False
Is 14 a factor of 5042948?
False
Is 1510520 a multiple of 384?
False
Is 17 a factor of 627328?
False
Is 2291640 a multiple of 26?
True
Is 1033 a factor of 1792255?
True
Is 32 a factor of 421664?
True
Does 13 divide 178412?
True
Does 77 divide 92677?
False
Is 4 a factor of 18411?
False
Is 4 a factor of 4848?
True
Is 75 a factor of 3424125?
True
Is 7 a factor of 509200?
False
Does 796 divide 2801301?
False
Is 30 a factor of 1309582?
False
Is 179567 a multiple of 2?
False
Does 3 divide 1025686?
False
Is 51 a factor of 283302?
False
Does 143 divide 112087?
False
Is 1394253 a multiple of 13?
False
Is 2487 a factor of 18286911?
True
Is 3411356 a multiple of 68?
True
Is 14 a factor of 1149040?
False
Does 2 divide 1464?
True
Is 336 a factor of 1145760?
True
Is 5 a factor of 996565?
True
Does 16 divide 12592?
True
Is 159576 a multiple of 122?
True
Is 4 a factor of 7994712?
True
Does 15 divide 134488?
False
Is 133 a factor of 553812?
True
Does 5 divide 465103?
False
Does 41 divide 90938?
True
Is 5 a factor of 564970?
True
Does 2239 divide 8589557?
False
Is 9646 a multiple of 91?
True
Does 333 divide 762811?
False
Is 103298 a multiple of 274?
True
Does 124 divide 457436?
True
Is 340810 a multiple of 173?
True
Is 2946404 a multiple of 61?
False
Is 179489